{"id":2,"date":"2015-07-06T04:09:33","date_gmt":"2015-07-06T04:09:33","guid":{"rendered":"http:\/\/badmintonlachine.com\/2015\/?page_id=2"},"modified":"2026-03-26T19:02:01","modified_gmt":"2026-03-26T23:02:01","slug":"tarifs2026","status":"publish","type":"page","link":"https:\/\/badmintonlachine.com\/2015\/tarifs2026\/","title":{"rendered":"Tarifs saison 2025-2026"},"content":{"rendered":"<p><strong>Horaire saison hiver 2026<\/strong> : du 6 janvier au 7 juin 2026<\/p>\n<p><span style=\"background-color: #ff0000;\"><strong>Voir notes sp\u00e9ciales en bas de page afin de conna\u00eetre les dates auxquelles il n&rsquo;y a pas de badminton (activit\u00e9s annul\u00e9es).<\/strong><\/span><\/p>\n<p><strong>Notes concernant les Invit\u00e9s (non membres) :<\/strong><\/p>\n<ul>\n<li><strong>Apr\u00e8s les deux premi\u00e8res semaines, les invit\u00e9s seront les bienvenus durant nos soir\u00e9es d&rsquo;Adulte Libre (mardi au jeudi seulement &#8211; voir Article 7 de nos r\u00e8glements Internes) &#8211; l&rsquo;animateur se r\u00e9serve le droit de refuser un invit\u00e9 d\u00e9pendamment de l&rsquo;achalandage dans le gymnase.\u00a0<\/strong><\/li>\n<li>Le Paiement se fait par Carte de D\u00e9bit ou Cr\u00e9dit <strong>Seulement.<\/strong><\/li>\n<li>Co\u00fbt (saison 2025-2026)\n<ol>\n<li>Adulte Libre 15$\/personne<\/li>\n<\/ol>\n<\/li>\n<\/ul>\n<p>Pour toutes vos questions concernant les inscriptions, veuillez svp envoyer un courriel \u00e0 <a href=\"mailto:jean@badmintonlachine.com\" target=\"_blank\" rel=\"noopener\">jean@badmintonlachine.com<\/a> ou <a href=\"mailto:vickel@badmintonlachine.com\">vickel@badmintonlachine.com<\/a><\/p>\n<hr \/>\n\n<table id=\"tablepress-Tarifs\" class=\"tablepress tablepress-id-Tarifs tbody-has-connected-cells\">\n<thead>\n<tr class=\"row-1\">\n\t<th class=\"column-1\">CAT\u00c9GORIE<\/th><th class=\"column-2\">JOUR<\/th><th class=\"column-3\">D\u00c9BUT<\/th><th class=\"column-4\">FIN<\/th><th class=\"column-5\">SESSION<\/th><th class=\"column-6\">Date d\u00e9but<\/th><th class=\"column-7\">Date fin<\/th><th class=\"column-8\">CO\u00dbT<\/th><td class=\"column-9\"><\/td>\n<\/tr>\n<\/thead>\n<tbody class=\"row-striping row-hover\">\n<tr class=\"row-2\">\n\t<td rowspan=\"3\" class=\"column-1\">COURS ADULTE COMP\u00c9TITIF<br \/>\n(niveau : avanc\u00e9 voulant faire de la comp\u00e9tition)<\/td><td rowspan=\"3\" class=\"column-2\">Vendredi<\/td><td rowspan=\"3\" class=\"column-3\">20h30<\/td><td rowspan=\"3\" class=\"column-4\">22h30<\/td><td class=\"column-5\">Automne 2025<\/td><td class=\"column-6\">12 sept <\/td><td class=\"column-7\">19 d\u00e9c<\/td><td class=\"column-8\">190 $<\/td><td class=\"column-9\"><\/td>\n<\/tr>\n<tr class=\"row-3\">\n\t<td class=\"column-5\">Hiver 2026<\/td><td class=\"column-6\">9 jan<\/td><td class=\"column-7\">5 juin <\/td><td class=\"column-8\">300 $<\/td><td class=\"column-9\"><\/td>\n<\/tr>\n<tr class=\"row-4\">\n\t<td class=\"column-5\"><\/td><td class=\"column-6\"><\/td><td class=\"column-7\"><\/td><td class=\"column-8\"><\/td><td class=\"column-9\"><\/td>\n<\/tr>\n<tr class=\"row-5\">\n\t<td class=\"column-1\"><\/td><td class=\"column-2\"><\/td><td class=\"column-3\"><\/td><td class=\"column-4\"><\/td><td class=\"column-5\"><\/td><td class=\"column-6\"><\/td><td class=\"column-7\"><\/td><td class=\"column-8\"><\/td><td class=\"column-9\"><\/td>\n<\/tr>\n<tr class=\"row-6\">\n\t<td rowspan=\"3\" class=\"column-1\">ADULTE LIBRE<br \/>\n(niveau : interm\u00e9diaire fort\/avanc\u00e9)<\/td><td rowspan=\"3\" class=\"column-2\">Mardi<br \/>\nvoir note (1)<\/td><td rowspan=\"3\" class=\"column-3\">20h00<\/td><td rowspan=\"3\" class=\"column-4\">22h15<\/td><td class=\"column-5\">Automne 2025<\/td><td class=\"column-6\">09 sept<\/td><td class=\"column-7\">16 d\u00e9c<\/td><td class=\"column-8\">140 $<\/td><td class=\"column-9\"><\/td>\n<\/tr>\n<tr class=\"row-7\">\n\t<td class=\"column-5\">Hiver 2026<\/td><td class=\"column-6\">6 jan<\/td><td class=\"column-7\">2 juin<\/td><td class=\"column-8\">170 $<\/td><td class=\"column-9\"><\/td>\n<\/tr>\n<tr class=\"row-8\">\n\t<td class=\"column-5\"><\/td><td class=\"column-6\"><\/td><td class=\"column-7\"><\/td><td class=\"column-8\"><\/td><td class=\"column-9\"><\/td>\n<\/tr>\n<tr class=\"row-9\">\n\t<td class=\"column-1\"><\/td><td class=\"column-2\"><\/td><td class=\"column-3\"><\/td><td class=\"column-4\"><\/td><td class=\"column-5\"><\/td><td class=\"column-6\"><\/td><td class=\"column-7\"><\/td><td class=\"column-8\"><\/td><td class=\"column-9\"><\/td>\n<\/tr>\n<tr class=\"row-10\">\n\t<td rowspan=\"3\" class=\"column-1\">ADULTE LIBRE<br \/>\n(niveau : D\u00e9butant\/interm\u00e9diaire moyen\/fort)<\/td><td rowspan=\"3\" class=\"column-2\">Mercredi<\/td><td rowspan=\"3\" class=\"column-3\">20h00<\/td><td rowspan=\"3\" class=\"column-4\">22h15<\/td><td class=\"column-5\">Automne 2025<\/td><td class=\"column-6\">10 sept<\/td><td class=\"column-7\">17 d\u00e9c<\/td><td class=\"column-8\">140 $<\/td><td class=\"column-9\"><\/td>\n<\/tr>\n<tr class=\"row-11\">\n\t<td class=\"column-5\">Hiver 2026<\/td><td class=\"column-6\">7 jan <\/td><td class=\"column-7\">3 juin<\/td><td class=\"column-8\">170 $<\/td><td class=\"column-9\"><\/td>\n<\/tr>\n<tr class=\"row-12\">\n\t<td class=\"column-5\"><\/td><td class=\"column-6\"><\/td><td class=\"column-7\"><\/td><td class=\"column-8\"><\/td><td class=\"column-9\"><\/td>\n<\/tr>\n<tr class=\"row-13\">\n\t<td class=\"column-1\"><\/td><td class=\"column-2\"><\/td><td class=\"column-3\"><\/td><td class=\"column-4\"><\/td><td class=\"column-5\"><\/td><td class=\"column-6\"><\/td><td class=\"column-7\"><\/td><td class=\"column-8\"><\/td><td class=\"column-9\"><\/td>\n<\/tr>\n<tr class=\"row-14\">\n\t<td rowspan=\"3\" class=\"column-1\">ADULTE LIBRE<br \/>\n(niveau : Interm\u00e9diaire fort\/avanc\u00e9)<\/td><td rowspan=\"3\" class=\"column-2\">Jeudi<br \/>\nvoir note (1)<\/td><td rowspan=\"3\" class=\"column-3\">20h30<\/td><td rowspan=\"3\" class=\"column-4\">22h30<\/td><td class=\"column-5\">Automne 2025<\/td><td class=\"column-6\">11 sept<\/td><td class=\"column-7\">18 d\u00e9c<\/td><td class=\"column-8\">140 $<\/td><td class=\"column-9\"><\/td>\n<\/tr>\n<tr class=\"row-15\">\n\t<td class=\"column-5\">Hiver 2026<\/td><td class=\"column-6\">8 jan <\/td><td class=\"column-7\">4 juin<\/td><td class=\"column-8\">170 $<\/td><td class=\"column-9\"><\/td>\n<\/tr>\n<tr class=\"row-16\">\n\t<td class=\"column-5\"><\/td><td class=\"column-6\"><\/td><td class=\"column-7\"><\/td><td class=\"column-8\"><\/td><td class=\"column-9\"><\/td>\n<\/tr>\n<tr class=\"row-17\">\n\t<td class=\"column-1\"><\/td><td class=\"column-2\"><\/td><td class=\"column-3\"><\/td><td class=\"column-4\"><\/td><td class=\"column-5\"><\/td><td class=\"column-6\"><\/td><td class=\"column-7\"><\/td><td class=\"column-8\"><\/td><td class=\"column-9\"><\/td>\n<\/tr>\n<tr class=\"row-18\">\n\t<td rowspan=\"3\" class=\"column-1\">ADULTE LIBRE<br \/>\n(niveau : interm\u00e9diaire moyen\/fort\/avanc\u00e9)<\/td><td rowspan=\"3\" class=\"column-2\">Vendredi<br \/>\nvoir note (2)<\/td><td rowspan=\"3\" class=\"column-3\">20h30<\/td><td rowspan=\"3\" class=\"column-4\">22h30<\/td><td class=\"column-5\">Automne 2025<\/td><td class=\"column-6\">12 sept<\/td><td class=\"column-7\">19 d\u00e9c<\/td><td class=\"column-8\">140 $<\/td><td class=\"column-9\"><\/td>\n<\/tr>\n<tr class=\"row-19\">\n\t<td class=\"column-5\"><\/td><td class=\"column-6\"><\/td><td class=\"column-7\"><\/td><td class=\"column-8\"><\/td><td class=\"column-9\"><\/td>\n<\/tr>\n<tr class=\"row-20\">\n\t<td class=\"column-5\"><\/td><td class=\"column-6\"><\/td><td class=\"column-7\"><\/td><td class=\"column-8\"><\/td><td class=\"column-9\"><\/td>\n<\/tr>\n<tr class=\"row-21\">\n\t<td class=\"column-1\"><\/td><td class=\"column-2\"><\/td><td class=\"column-3\"><\/td><td class=\"column-4\"><\/td><td class=\"column-5\"><\/td><td class=\"column-6\"><\/td><td class=\"column-7\"><\/td><td class=\"column-8\"><\/td><td class=\"column-9\"><\/td>\n<\/tr>\n<tr class=\"row-22\">\n\t<td class=\"column-1\">COURS ADULTE D\u00c9BUTANT<br \/>\n(niveau : d\u00e9butants\/interm\u00e9diaires)<\/td><td class=\"column-2\">Vendredi<\/td><td class=\"column-3\">20h30<\/td><td class=\"column-4\">22h30<\/td><td class=\"column-5\">Hiver 2026<\/td><td class=\"column-6\">9 jan <\/td><td class=\"column-7\">5 juin <\/td><td class=\"column-8\">200 $<\/td><td class=\"column-9\"><\/td>\n<\/tr>\n<tr class=\"row-23\">\n\t<td class=\"column-1\"><\/td><td class=\"column-2\"><\/td><td class=\"column-3\"><\/td><td class=\"column-4\"><\/td><td class=\"column-5\"><\/td><td class=\"column-6\"><\/td><td class=\"column-7\"><\/td><td class=\"column-8\"><\/td><td class=\"column-9\"><\/td>\n<\/tr>\n<tr class=\"row-24\">\n\t<td class=\"column-1\"><\/td><td class=\"column-2\"><\/td><td class=\"column-3\"><\/td><td class=\"column-4\"><\/td><td class=\"column-5\"><\/td><td class=\"column-6\"><\/td><td class=\"column-7\"><\/td><td class=\"column-8\"><\/td><td class=\"column-9\"><\/td>\n<\/tr>\n<tr class=\"row-25\">\n\t<td rowspan=\"2\" class=\"column-1\">JEUNES <br \/>\nD\u00c9BUTANT I<\/td><td rowspan=\"2\" class=\"column-2\">Dimanche <\/td><td rowspan=\"2\" class=\"column-3\">12h00<\/td><td rowspan=\"2\" class=\"column-4\">13h00<\/td><td class=\"column-5\">Automne 2025<\/td><td class=\"column-6\">14 sept <\/td><td class=\"column-7\">21 d\u00e9c <\/td><td class=\"column-8\">115 $<\/td><td class=\"column-9\"><\/td>\n<\/tr>\n<tr class=\"row-26\">\n\t<td class=\"column-5\">Hiver 2026<\/td><td class=\"column-6\">11 jan <\/td><td class=\"column-7\">7 juin<\/td><td class=\"column-8\">160 $<\/td><td class=\"column-9\"><\/td>\n<\/tr>\n<tr class=\"row-27\">\n\t<td class=\"column-1\"><\/td><td class=\"column-2\"><\/td><td class=\"column-3\"><\/td><td class=\"column-4\"><\/td><td class=\"column-5\"><\/td><td class=\"column-6\"><\/td><td class=\"column-7\"><\/td><td class=\"column-8\"><\/td><td class=\"column-9\"><\/td>\n<\/tr>\n<tr class=\"row-28\">\n\t<td rowspan=\"2\" class=\"column-1\">JEUNES <br \/>\nD\u00c9BUTANT II<\/td><td rowspan=\"2\" class=\"column-2\">Dimanche <\/td><td rowspan=\"2\" class=\"column-3\">12h00<\/td><td rowspan=\"2\" class=\"column-4\">13h00<\/td><td class=\"column-5\">Automne 2025<\/td><td class=\"column-6\">14 sept<\/td><td class=\"column-7\">21 d\u00e9c<\/td><td class=\"column-8\">115 $<\/td><td class=\"column-9\"><\/td>\n<\/tr>\n<tr class=\"row-29\">\n\t<td class=\"column-5\">Hiver 2026<\/td><td class=\"column-6\">11 jan <\/td><td class=\"column-7\">7 juin<\/td><td class=\"column-8\">160 $<\/td><td class=\"column-9\"><\/td>\n<\/tr>\n<tr class=\"row-30\">\n\t<td class=\"column-1\"><\/td><td class=\"column-2\"><\/td><td class=\"column-3\"><\/td><td class=\"column-4\"><\/td><td class=\"column-5\"><\/td><td class=\"column-6\"><\/td><td class=\"column-7\"><\/td><td class=\"column-8\"><\/td><td class=\"column-9\"><\/td>\n<\/tr>\n<tr class=\"row-31\">\n\t<td rowspan=\"2\" class=\"column-1\">JEUNES <br \/>\nINTERM\u00c9DIAIRE<\/td><td rowspan=\"2\" class=\"column-2\">Dimanche<\/td><td rowspan=\"2\" class=\"column-3\">13h00<\/td><td rowspan=\"2\" class=\"column-4\">15h00<\/td><td class=\"column-5\">Automne 2025<\/td><td class=\"column-6\">14 sept<\/td><td class=\"column-7\">21 d\u00e9c<\/td><td class=\"column-8\">150 $<\/td><td class=\"column-9\"><\/td>\n<\/tr>\n<tr class=\"row-32\">\n\t<td class=\"column-5\">Hiver 2026<\/td><td class=\"column-6\">11 jan <\/td><td class=\"column-7\">7 juin <\/td><td class=\"column-8\">200 $<\/td><td class=\"column-9\"><\/td>\n<\/tr>\n<tr class=\"row-33\">\n\t<td class=\"column-1\"><\/td><td class=\"column-2\"><\/td><td class=\"column-3\"><\/td><td class=\"column-4\"><\/td><td class=\"column-5\"><\/td><td class=\"column-6\"><\/td><td class=\"column-7\"><\/td><td class=\"column-8\"><\/td><td class=\"column-9\"><\/td>\n<\/tr>\n<tr class=\"row-34\">\n\t<td rowspan=\"2\" class=\"column-1\">JEUNES <br \/>\nCOMP\u00c9TITIF<\/td><td rowspan=\"2\" class=\"column-2\">Vendredi<br \/>\nDimanche<\/td><td rowspan=\"2\" class=\"column-3\">18h30<br \/>\n13h00<\/td><td rowspan=\"2\" class=\"column-4\">20h15<br \/>\n15h00<\/td><td class=\"column-5\">Automne 2025<\/td><td class=\"column-6\">12 sept <\/td><td class=\"column-7\">21 d\u00e9c <\/td><td class=\"column-8\">230 $<\/td><td class=\"column-9\"><\/td>\n<\/tr>\n<tr class=\"row-35\">\n\t<td class=\"column-5\">Hiver 2026<\/td><td class=\"column-6\">9 jan <\/td><td class=\"column-7\">7 juin <\/td><td class=\"column-8\">320 $<\/td><td class=\"column-9\"><\/td>\n<\/tr>\n<tr class=\"row-36\">\n\t<td class=\"column-1\"><\/td><td class=\"column-2\"><\/td><td class=\"column-3\"><\/td><td class=\"column-4\"><\/td><td class=\"column-5\"><\/td><td class=\"column-6\"><\/td><td class=\"column-7\"><\/td><td class=\"column-8\"><\/td><td class=\"column-9\"><\/td>\n<\/tr>\n<tr class=\"row-37\">\n\t<td class=\"column-1\">JEUNES <br \/>\n\u00c9LITE<\/td><td class=\"column-2\">Mardi<br \/>\nJeudi<br \/>\nVendredi<\/td><td class=\"column-3\">20h00<br \/>\n20h30<br \/>\n18h30<\/td><td class=\"column-4\">22h00<br \/>\n22h00<br \/>\n20h15<\/td><td class=\"column-5\">Automne 2025<br \/>\nHiver 2026<\/td><td class=\"column-6\">09 sept<\/td><td class=\"column-7\">5 juin<\/td><td class=\"column-8\">1 450 $<\/td><td class=\"column-9\"><\/td>\n<\/tr>\n<tr class=\"row-38\">\n\t<td class=\"column-1\"><\/td><td class=\"column-2\"><\/td><td class=\"column-3\"><\/td><td class=\"column-4\"><\/td><td class=\"column-5\"><\/td><td class=\"column-6\"><\/td><td class=\"column-7\"><\/td><td class=\"column-8\"><\/td><td class=\"column-9\"><\/td>\n<\/tr>\n<\/tbody>\n<\/table>\n<!-- #tablepress-Tarifs from cache -->\n<p>Notes :<\/p>\n<p>(1) : La plage adulte libre du mardi et jeudi ne dispose que de 4 terrains !!!<\/p>\n<p><span style=\"background-color: #ffff00;\"><strong>Non-disponibilit\u00e9 des gymnases au Coll\u00e8ge Sainte-Anne (PAS DE BADMINTON)<\/strong><\/span><\/p>\n<p>En raison d\u2019\u00e9v\u00e9nements sp\u00e9ciaux organis\u00e9s au coll\u00e8ge ou en raison des cong\u00e9s (fermeture du coll\u00e8ge), les gymnases ne seront pas disponibles aux dates suivantes <span style=\"background-color: #ffffff;\"><strong><em>(Merci de porter une attention particuli\u00e8re \u00e0 la colonne client\u00e8le afin de savoir le groupe vis\u00e9)<\/em><\/strong> :<\/span><\/p>\n<table style=\"width: 99.8623%;\">\n<tbody>\n<tr>\n<td style=\"width: 33.4483%;\" width=\"195\"><strong>Date<\/strong><\/td>\n<td style=\"width: 33.2759%;\" width=\"195\"><strong>Gym<\/strong><\/td>\n<td style=\"width: 33.4483%;\" width=\"195\"><strong>Client\u00e8le<\/strong><\/td>\n<\/tr>\n<tr>\n<td style=\"width: 33.4483%;\" width=\"195\">28 septembre 2025<\/td>\n<td style=\"width: 33.2759%;\" width=\"195\">1-2\u00a0<\/td>\n<td style=\"width: 33.4483%;\" width=\"195\">Cours jeunes<\/td>\n<\/tr>\n<tr>\n<td style=\"width: 33.4483%;\" width=\"195\">23 novembre 2025<\/td>\n<td style=\"width: 33.2759%;\" width=\"195\">1-2<\/td>\n<td style=\"width: 33.4483%;\" width=\"195\">Cours jeunes<\/td>\n<\/tr>\n<tr>\n<td style=\"width: 33.4483%;\" width=\"195\">7 d\u00e9cembre 2025<\/td>\n<td style=\"width: 33.2759%;\" width=\"195\">1-2<\/td>\n<td style=\"width: 33.4483%;\" width=\"195\">Cours jeunes<\/td>\n<\/tr>\n<tr>\n<td style=\"width: 33.4483%;\" width=\"195\">15 f\u00e9vrier 2026<\/td>\n<td style=\"width: 33.2759%;\" width=\"195\">1-2\u00a0<\/td>\n<td style=\"width: 33.4483%;\" width=\"195\">Cours jeunes<\/td>\n<\/tr>\n<tr>\n<td style=\"width: 33.4483%;\" width=\"195\">15 mars 2026<\/td>\n<td style=\"width: 33.2759%;\" width=\"195\">1-2<\/td>\n<td style=\"width: 33.4483%;\" width=\"195\">Cours jeunes<\/td>\n<\/tr>\n<tr>\n<td style=\"width: 33.4483%;\" width=\"195\">22 mars 2026<\/td>\n<td style=\"width: 33.2759%;\" width=\"195\">1-2<\/td>\n<td style=\"width: 33.4483%;\" width=\"195\">Cours jeunes<\/td>\n<\/tr>\n<tr>\n<td style=\"width: 33.4483%;\" width=\"195\">3 avril 2026<\/td>\n<td style=\"width: 33.2759%;\" width=\"195\">1-2<\/td>\n<td style=\"width: 33.4483%;\" width=\"195\">Cours jeunes et cours adultes<\/td>\n<\/tr>\n<tr>\n<td style=\"width: 33.4483%;\" width=\"195\">5 avril 2026<\/td>\n<td style=\"width: 33.2759%;\" width=\"195\">1-2\u00a0<\/td>\n<td style=\"width: 33.4483%;\" width=\"195\">Cours jeunes<\/td>\n<\/tr>\n<tr>\n<td style=\"width: 33.4483%;\" width=\"195\">19 avril 2026<\/td>\n<td style=\"width: 33.2759%;\" width=\"195\">1-2<\/td>\n<td style=\"width: 33.4483%;\" width=\"195\">Cours jeunes<\/td>\n<\/tr>\n<tr>\n<td style=\"width: 33.4483%;\" width=\"195\">24 mai 2026<\/td>\n<td style=\"width: 33.2759%;\" width=\"195\">1-2\u00a0<\/td>\n<td style=\"width: 33.4483%;\" width=\"195\">Cours jeunes<\/td>\n<\/tr>\n<tr>\n<td style=\"width: 33.4483%;\" width=\"195\">\u00a0<\/td>\n<td style=\"width: 33.2759%;\" width=\"195\">\u00a0<\/td>\n<td style=\"width: 33.4483%;\" width=\"195\">\u00a0<\/td>\n<\/tr>\n<tr>\n<td style=\"width: 33.4483%;\" width=\"195\">\u00a0<\/td>\n<td style=\"width: 33.2759%;\" width=\"195\">\u00a0<\/td>\n<td style=\"width: 33.4483%;\" width=\"195\">\u00a0<\/td>\n<\/tr>\n<tr>\n<td style=\"width: 33.4483%;\" width=\"195\">\u00a0<\/td>\n<td style=\"width: 33.2759%;\" width=\"195\">\u00a0<\/td>\n<td style=\"width: 33.4483%;\" width=\"195\">\u00a0<\/td>\n<\/tr>\n<tr>\n<td style=\"width: 33.4483%;\" width=\"195\">\u00a0<\/td>\n<td style=\"width: 33.2759%;\" width=\"195\">\u00a0<\/td>\n<td style=\"width: 33.4483%;\" width=\"195\">\u00a0<\/td>\n<\/tr>\n<tr>\n<td style=\"width: 33.4483%;\" width=\"195\">\u00a0<\/td>\n<td style=\"width: 33.2759%;\" width=\"195\">\u00a0<\/td>\n<td style=\"width: 33.4483%;\" width=\"195\">\u00a0<\/td>\n<\/tr>\n<\/tbody>\n<\/table>\n\n\n<hr \/>\n<p>&nbsp;<\/p>\n\n\n","protected":false},"excerpt":{"rendered":"<p>Horaire saison hiver 2026 : du 6 janvier au 7 juin 2026 Voir notes sp\u00e9ciales en bas de page afin de conna\u00eetre les dates auxquelles il n&rsquo;y a pas de badminton (activit\u00e9s annul\u00e9es). Notes concernant les Invit\u00e9s (non membres) : Apr\u00e8s les deux premi\u00e8res semaines, les invit\u00e9s seront les bienvenus durant nos soir\u00e9es d&rsquo;Adulte Libre<a href=\"https:\/\/badmintonlachine.com\/2015\/tarifs2026\/\">[&#8230;]<\/a><\/p>\n","protected":false},"author":1,"featured_media":0,"parent":0,"menu_order":0,"comment_status":"closed","ping_status":"closed","template":"template-fullwidth.php","meta":{"footnotes":""},"class_list":["post-2","page","type-page","status-publish","hentry"],"_links":{"self":[{"href":"https:\/\/badmintonlachine.com\/2015\/wp-json\/wp\/v2\/pages\/2","targetHints":{"allow":["GET"]}}],"collection":[{"href":"https:\/\/badmintonlachine.com\/2015\/wp-json\/wp\/v2\/pages"}],"about":[{"href":"https:\/\/badmintonlachine.com\/2015\/wp-json\/wp\/v2\/types\/page"}],"author":[{"embeddable":true,"href":"https:\/\/badmintonlachine.com\/2015\/wp-json\/wp\/v2\/users\/1"}],"replies":[{"embeddable":true,"href":"https:\/\/badmintonlachine.com\/2015\/wp-json\/wp\/v2\/comments?post=2"}],"version-history":[{"count":90,"href":"https:\/\/badmintonlachine.com\/2015\/wp-json\/wp\/v2\/pages\/2\/revisions"}],"predecessor-version":[{"id":14923,"href":"https:\/\/badmintonlachine.com\/2015\/wp-json\/wp\/v2\/pages\/2\/revisions\/14923"}],"wp:attachment":[{"href":"https:\/\/badmintonlachine.com\/2015\/wp-json\/wp\/v2\/media?parent=2"}],"curies":[{"name":"wp","href":"https:\/\/api.w.org\/{rel}","templated":true}]}}