{"id":13172,"date":"2022-04-25T19:01:59","date_gmt":"2022-04-25T23:01:59","guid":{"rendered":"https:\/\/badmintonlachine.com\/2015\/?post_type=product&#038;p=13172"},"modified":"2024-09-26T00:16:28","modified_gmt":"2024-09-26T04:16:28","slug":"cours-prive-par-isaac-lefebvre-4109","status":"publish","type":"product","link":"https:\/\/badmintonlachine.com\/2015\/produit\/cours-prive-par-isaac-lefebvre-4109\/","title":{"rendered":"Cours priv\u00e9 par Isaac Lefebvre [4109]"},"content":{"rendered":"<p>Dur\u00e9e du cours : 60 minutes<\/p>\n<p>Pour assurer une bonne logistique des cours, nous vous demandons de respecter ces r\u00e8gles de r\u00e9servation :<\/p>\n<p>1) Contactez l&rsquo;entraineur avec lequel vous souhaitez avoir un cours priv\u00e9 pour lui faire une demande<br \/>\n2) Planifiez avec lui l&rsquo;horaire du cours<br \/>\n3) Proc\u00e9dez au paiement du cours sur le site du club<\/p>\n<p>Les commandes ne seront accept\u00e9es que si elles ont \u00e9t\u00e9 planifi\u00e9es.<\/p>\n<p>Vous pouvez contacter Isaac Lefebvre \u00e0 l&rsquo;adresses suivante : isaac@badmintonlachine.com<\/p>\n","protected":false},"excerpt":{"rendered":"<p>Dur\u00e9e du cours : 60 minutes<\/p>\n<p>Pour assurer une bonne logistique des cours, nous vous demandons de respecter ces r\u00e8gles de r\u00e9servation :<\/p>\n<p>1) Contactez l&rsquo;entraineur avec lequel vous souhaitez avoir un cours priv\u00e9 pour lui faire une demande<br \/>\n2) Planifiez avec lui l&rsquo;horaire du cours<br \/>\n3) Proc\u00e9dez au paiement du cours sur le site du club<\/p>\n<p>Les commandes ne seront accept\u00e9es que si elles ont \u00e9t\u00e9 planifi\u00e9es.<\/p>\n<p>Vous pouvez contacter Isaac Lefebvre \u00e0 l&rsquo;adresses suivante : isaac@badmintonlachine.com<\/p>\n","protected":false},"featured_media":13174,"template":"","meta":[],"product_brand":[],"product_cat":[68,66,67],"product_tag":[],"class_list":{"0":"post-13172","1":"product","2":"type-product","3":"status-publish","4":"has-post-thumbnail","6":"product_cat-cours-prives","7":"product_cat-cours-prives-pour-adultes","8":"product_cat-cours-prives-pour-jeunes","10":"first","11":"instock","12":"virtual","13":"sold-individually","14":"purchasable","15":"product-type-simple"},"_links":{"self":[{"href":"https:\/\/badmintonlachine.com\/2015\/wp-json\/wp\/v2\/product\/13172","targetHints":{"allow":["GET"]}}],"collection":[{"href":"https:\/\/badmintonlachine.com\/2015\/wp-json\/wp\/v2\/product"}],"about":[{"href":"https:\/\/badmintonlachine.com\/2015\/wp-json\/wp\/v2\/types\/product"}],"wp:featuredmedia":[{"embeddable":true,"href":"https:\/\/badmintonlachine.com\/2015\/wp-json\/wp\/v2\/media\/13174"}],"wp:attachment":[{"href":"https:\/\/badmintonlachine.com\/2015\/wp-json\/wp\/v2\/media?parent=13172"}],"wp:term":[{"taxonomy":"product_brand","embeddable":true,"href":"https:\/\/badmintonlachine.com\/2015\/wp-json\/wp\/v2\/product_brand?post=13172"},{"taxonomy":"product_cat","embeddable":true,"href":"https:\/\/badmintonlachine.com\/2015\/wp-json\/wp\/v2\/product_cat?post=13172"},{"taxonomy":"product_tag","embeddable":true,"href":"https:\/\/badmintonlachine.com\/2015\/wp-json\/wp\/v2\/product_tag?post=13172"}],"curies":[{"name":"wp","href":"https:\/\/api.w.org\/{rel}","templated":true}]}}